ose -4*o + 5*v + 67002 = -129927, -8*v = 5*o - 246147. What is the tens digit of o?
3
Suppose -3*l + 76608 = 7*z - 85408, -4*l = 3*z - 215996. What is the ten thousands digit of l?
5
Suppose 349 = 7*l - 64. Let y(c) = 6*c**2. Let v be y(1). Suppose -v*s + l - 5 = 0. What is the units digit of s?
9
Suppose 3*x - 53 + 11 = 0. Suppose -5*l - a = -28, -5*a + x = 4*l - 21. Suppose -350 + 0 = -l*u. What is the tens digit of u?
7
Suppose -3*p + 3 + 9 = 0, 2*r + 3*p = 42. What is the hundreds digit of (-9)/r + (-2 - (-15468)/30)?
5
What is the tens digit of -4 + (-89600)/(-9) - 3/(-27)*4?
5
Let r(o) = -10*o**2 + 23*o + 12. Let n(h) = 9*h**2 - 22*h - 12. Let j(m) = 6*n(m) + 5*r(m). What is the tens digit of j(8)?
0
Let x(y) be the second derivative of -y**4/12 - 5*y**3/2 + 13*y**2/2 - 4*y. Let a be x(-16). What is the units digit of (-1 - -3) + (33 - (a + 0))?
8
Let b = -7015 - -14943. Suppose 14*z - b = -2202. What is the units digit of z?
9
Let r be (2/5)/((-638)/(-320) - 2). Let g = r + 38. Let i = 72 - g. What is the units digit of i?
8
Let u(f) = -2*f**2 - f + 5. Let q be u(0). Suppose -4*n = 4*b - 7*b + 1352, -q*b + 2215 = n. What is the tens digit of b?
4
Let q be (1 - 3)*(-3 + 0 + 2). Suppose -q*i - 48 = -8*i. What is the hundreds digit of (4 + 186/i)/(1/4)?
1
What is the thousands digit of 148254/8 - (12/42 + 390/840)?
8
Suppose -2*o + 14 = -0*o. Suppose 508 + 346 = o*d. Suppose 5*k - 91 = -x, -x - 15 = -3*k - d. What is the units digit of x?
1
Suppose f + 6 = -5*d + 61, 3*f = -3*d + 21. Let o(h) = 2*h**2 - 13*h + 35. Let a be o(d). Suppose 2*k - k = a. What is the tens digit of k?
6
Let q = -114 - -163. Let c = -146 + q. What is the units digit of (16 - 17)*(c - 0)?
7
Let r(v) be the third derivative of 1/6*v**3 + 0 - 23*v**2 + 1/120*v**6 + 5/24*v**4 + 0*v - 1/20*v**5. What is the units digit of r(5)?
6
Let h(u) = 15723*u**2 + 23*u + 21. What is the thousands digit of h(-1)?
5
Let z be 2*(-22)/((-28)/(-10) - 2). Suppose v - t + 6 = 0, -4*v - 5*t + 14 = -v. What is the units digit of (924/z)/(v/10)?
4
Let g(a) = -5691*a - 3866. What is the tens digit of g(-6)?
8
Let q(g) = 9*g**2 - 102*g - 35. Let f be q(11). Suppose 5*v + 106 = -454. Let w = f - v. What is the tens digit of w?
4
Suppose 0*f + 54 = 3*f. Let i be (-48)/(-28) + -2 - (-2)/7. Suppose -d + f + 9 = i. What is the units digit of d?
7
Suppose -q + 97483 = 4*w, -5*q - 95793 = -3*w - 22675. What is the tens digit of w?
7
Let n(v) = v**2 - 9*v + 5. Let z be n(9). Suppose 3*o = g + 815, 5*o = -z*g + 398 + 987. What is the units digit of o?
3
Suppose 2*n = -2*n - 60. Let y be 12/n - (-416)/20. Suppose y = 3*o - 136. What is the units digit of o?
2
Let w(n) = -n + 5*n - 78 - n. Let t be w(26). Suppose 5*c - 129 - 331 = t. What is the tens digit of c?
9
Let n(a) = a**2 + 11*a - 49. Suppose 3*k + 4*g + 67 = 0, k - 2*g = -2*k - 43. What is the units digit of n(k)?
3
Suppose 0 = 2*o, 0*a = 5*a + o - 20. Suppose y - 7 = -a*h - 0*y, -5*h + 10 = y. What is the tens digit of (-364)/(-6)*h/2?
9
Suppose 7*t = 208 - 201. Let n(g) = 412*g**2 - g - 4. What is the hundreds digit of n(t)?
4
Let o be (-3 - (-7 + 7))*10/(-6). Suppose 0 = 2*y - 2 - 6, 1436 = o*b - y. What is the units digit of b?
8
Suppose 2*v - p - 37381 = 0, -22*v + 18*v - 3*p + 74757 = 0. What is the units digit of v?
0
Let i(p) = 10*p**3 - 181*p**2 - p + 31. What is the ten thousands digit of i(21)?
1
Let l = -16774 + 19227. What is the hundreds digit of l?
4
Let v(s) = -24*s - 43. Let x(z) = z**3 + 10*z**2 - 11*z + 10. Let l be x(-11). Suppose -132 = 2*o + l*o. What is the tens digit of v(o)?
2
Let b(o) = 28*o + 10. Let t(p) = -3*p**2 - 12*p. Let x be t(-3). What is the units digit of b(x)?
2
Let v(f) = 2*f**3 + 24*f - 115. What is the tens digit of v(13)?
9
Let c(n) = n**3 + 5*n**2 - 3*n + 2. Let j be c(-3). Let t be -3*(-4 - (-355)/(-15)). Let u = t + j. What is the tens digit of u?
1
Let u(l) = 369*l**2 + 20*l + 161. What is the units digit of u(-8)?
7
Suppose -3*t + 380 = b + 2*t, -788 = -2*b - 3*t. Suppose -70*f = -69*f - b. What is the tens digit of f?
0
Suppose -3*w = -2*u - 10, -w + 12*u - 17*u = 25. Suppose w = 4*h - 993 - 311. What is the tens digit of h?
2
Suppose m + 3*m = u - 10166, u - 10166 = -4*m. What is the thousands digit of u?
0
Let q = 620 + -623. What is the hundreds digit of -2 - (-11448)/((-24)/q)?
4
Let d be 4/2*(34 + -78). What is the units digit of ((-906)/24)/((-174)/d - 2)?
1
Let x(v) = v**2 + v + 1. Let t(p) = 11*p + 31. Let a(c) = t(c) - 2*x(c). Let o(u) be the first derivative of a(u). What is the tens digit of o(-24)?
0
Suppose 1039*a - 37010326 = 345*a. What is the hundreds digit of a?
3
Let f(x) = -92*x**2 + 48*x - 89*x**2 - 51 + 277*x**2 - 97*x**2. What is the tens digit of f(13)?
0
Suppose 14566 = -14*u + 48390. What is the thousands digit of u?
2
Let z = -7780 - -8365. What is the units digit of z?
5
Suppose 0 = -18*m + 6*m + 72. What is the units digit of (0 - 2/m)/((-2)/306)?
1
Let j(y) = -14*y - 25. Let a(r) = r + 2. Let p(s) = 4*a(s) + j(s). What is the units digit of p(-10)?
3
Suppose 3*v - 107178 + 7390 = -4*t, -8*v + 3*t = -265992. What is the ten thousands digit of v?
3
Let m(p) = 10*p - 335. Let v be m(36). Let j = 168 - v. What is the units digit of j?
3
Suppose -9*m + 129322 + 38762 = 0. What is the ten thousands digit of m?
1
Let b = -3135 - -8456. What is the thousands digit of b?
5
Suppose 755*o - 5*y = 751*o + 34427, -o + 8615 = -4*y. What is the thousands digit of o?
8
Suppose 5*u - 4*m = 62 + 21, -4*u - m = -79. Suppose -u*v + 15758 = -2824. What is the hundreds digit of v?
9
Suppose z = r - 7, 0 = -5*r - 11*z + 6*z - 5. Suppose -3935 + 370 = -r*q + g, -3*g = -4*q + 4750. What is the thousands digit of q?
1
Let b(i) = i**3 + 8*i**2 + 14*i - 3. Let h be b(-2). What is the hundreds digit of (-328 - h)*4/(-6) + -2?
2
Suppose 2*m = -2*m + 3*m. Suppose m = -2*l + 331 + 181. What is the hundreds digit of l?
2
Let r(b) = b**3 - 20*b**2 - b - 17. Let s be r(20). Let m = -35 - s. Suppose 0 - m = -d, 0 = a - 5*d - 24. What is the units digit of a?
4
Let f be 3 + -4 - (-32)/8. Suppose 3*n - 1411 = -5*q, 996 = 2*n - f*q + 87. What is the tens digit of n?
6
Suppose -25*p = -25 - 75. Suppose -p*a = 3*f - 4934, -4*a - 5*f + 4*f = -4938. What is the tens digit of a?
3
Let r be 359*1 + (-7)/(-42)*12. Suppose -24*x + r = -23*x. What is the hundreds digit of x?
3
Let o be (-25)/2*24/(-60) + 151. Let r = o + -149. What is the units digit of r?
7
Suppose 11708 + 5530 - 1178 = 10*g. What is the units digit of g?
6
Let b be -5*(36/(-10) + 3). Suppose 0 = 2*i - 3 - b. Suppose 0 = 5*h - 3*c - 467, 3*h + 4*c = i*c + 283. What is the tens digit of h?
9
Let a be ((-414)/92)/(2/(-84)). Let h = a - 187. What is the units digit of h?
2
Suppose 0 = -5*p + 15, -2*q + 3*p + 24 = -279. Suppose f = -3*v + q, 6*f - f - 766 = -v. What is the units digit of f?
3
What is the hundreds digit of 1*3*(-12)/468 + (-268790)/(-26)?
3
Suppose -a - 3*a = -24. Let c be (28/(-3))/4 - a/(-18). Let h(u) = 33*u**2 + 2*u. What is the tens digit of h(c)?
2
Suppose 10*j - j = 2214. Suppose -n = 2*p - 536, p - 22 = -2*n + j. What is the hundreds digit of p?
2
Let v(z) = -z**2 + 11*z + 3. Let h(k) = 3*k - 6. Let t be h(5). Let l be v(t). What is the units digit of l/(-105) - 682/(-10)?
8
Suppose l = -4*r + 61705, 0*r - 4*r = -4*l + 246880. What is the units digit of l?
7
Let h(v) = -v**3 - 22*v**2 + 10*v + 45. Let q = -323 + 299. What is the units digit of h(q)?
7
Suppose -5*j + 9 = -16. Let n(t) = t**3 - 25*t**2 - 23*t - 1. Let p(v) = 13*v**2 + 11*v. Let w(k) = j*p(k) + 2*n(k). What is the tens digit of w(-6)?
5
Let l be 891 + (2 + 2/2)*-1. Suppose 0*k - 5*c + l = 4*k, 5*c = 0. What is the units digit of k?
2
Suppose -18291 = -40*q + 271229. What is the thousands digit of q?
7
Let m = -372 + 374. Suppose -5*w + 125 = 3*q, -m*w - 2*w + 92 = 4*q. What is the units digit of w?
8
Suppose 9*q + 432 = 360. Let v = 1 - 3. What is the units digit of v/q*-3 + (-885)/(-12)?
3
Let i(y) = y**2 + 3*y + 51. Let t be i(7). Let l = t + 342. What is the tens digit of l?
6
Let n = -21 - -25. Suppose -v + 175 = n*v. What is the units digit of ((-8)/10)/((-212)/v + 6)?
4
Let d(h) = 2*h**3 + 15*h + 1. Let i(b) = -b**3 + b**2 + 1. Let m(v) = -d(v) - i(v). 